is the units digit of s(-39)?
4
Let a(z) = -2*z**3 - 8*z**2 + 2*z - 16. What is the units digit of a(-8)?
0
Suppose 96*o = 106*o - 15560. What is the tens digit of o?
5
Let k(n) = -5*n - 3. Suppose -4*z = -17 + 9. Suppose z*u - 27 = 5*u. What is the tens digit of k(u)?
4
Let a = 60 + -54. Suppose 0 = -a*w + 287 + 163. What is the tens digit of w?
7
Let d(z) = -4*z**3 - 3*z**2. Let p(v) = -v**3 + v**2 - v + 1. Let n(r) = -d(r) + 3*p(r). What is the units digit of n(-6)?
1
Suppose -7 = g + m, 0*g - 4*g - 5*m - 31 = 0. Let r be 32/(g/(-4) + 0). Suppose 0 = -c - l + r, 0*c - 4*c + 133 = 5*l. What is the units digit of c?
7
Suppose -2*r + 1211 + 103 = 0. What is the tens digit of r?
5
Let j = 2588 + -1748. What is the hundreds digit of j?
8
Suppose -j = j - 48. Let z = j + -20. Suppose 7*m = z*m + 18. What is the units digit of m?
6
Let c(p) = -489*p + 77. What is the tens digit of c(-10)?
6
Let p be (-7 + 0)/(-3 - -4). Let c(i) be the first derivative of i**3/3 - i**2 - 11. What is the tens digit of c(p)?
6
Let s(m) = 29*m + 13. Let y(c) = 5*c - 21. Let g be y(5). What is the hundreds digit of s(g)?
1
Let r = 416 - 258. Let b = r - 6. What is the tens digit of b?
5
Let v = -237 - -391. What is the tens digit of 11368/v - 2/(-11)?
7
Suppose 39828 = -69*m + 116211. What is the thousands digit of m?
1
Let u = 2 - 14. Let n(j) = -15*j - 37. What is the units digit of n(u)?
3
Suppose -6231 = -17*t + 1113. What is the tens digit of t?
3
Let s(j) = -j**3 - 17*j**2 - 17*j - 8. Let y be s(-16). Suppose -q = 0, 5*n - 3*q = 6*n - y. What is the units digit of n?
8
What is the tens digit of 2 - (-213 - 4)/7?
3
Suppose 4*v = 8, 0*t + 2*v - 1 = t. Suppose w - 111 = t*z, 5*w + z - 462 - 45 = 0. What is the hundreds digit of w?
1
Let h(c) = 53*c - 6. Let b(y) = -27*y + 3. Let n(v) = -7*b(v) - 3*h(v). What is the units digit of n(1)?
7
Let b = 80 + -175. Let a = b + 160. Suppose -19 = -2*q + a. What is the units digit of q?
2
Suppose -5*l = -57 - 3. Let b be (6/4)/(9/l). Suppose b*f - 48 = f. What is the tens digit of f?
4
Suppose -9*a = -4*a + 10. What is the units digit of a/(-5) + 746/10?
5
Suppose -5068 = 35*b - 49*b. What is the hundreds digit of b?
3
Suppose -s - 103 = 5*w, 2*w = -7*s + 2*s - 32. Let a = w + 107. What is the units digit of a?
6
Let r(x) = 4*x. Let b be r(1). Suppose -b*t + 32 = -4*m, 5*t + 2*m = 5*m + 32. Suppose -t*p - 24 = -5*p. What is the tens digit of p?
2
Let f be (1 + -8)*3/(-21). Let y(o) = 3*o**3 + o**2 - 3*o + 2. What is the units digit of y(f)?
3
Suppose -4*g + 3*r - 89 = 2341, g - 2*r = -605. What is the tens digit of g/(1 + -4) - -4?
0
Let x(d) = d**2 + 9. Let q be x(11). Suppose -4*c + r = -138, 4*c + 2*r - q = -r. What is the tens digit of c?
3
Let z(i) = i**3 - i**2 - i. Let p be z(0). Suppose 2*l - 5 + 3 = p. Let v = l + 11. What is the units digit of v?
2
What is the units digit of 184470/602 - (4/7)/(-1)?
7
Suppose s - 25 = 2*a + 65, 0 = -4*s - 2*a + 340. What is the tens digit of 2 + s + 1/(-1)?
8
Suppose 2*z + 4*o = 0, 3 = 4*z + 3*o - 17. Let w = z + -4. Suppose 5*k + 6 + 51 = 2*u, -k = w*u - 81. What is the tens digit of u?
2
What is the units digit of 5 - (7 + -334 + -3)?
5
Let o(j) = j**3 - 2*j**2 - 7*j + 8. Let d be o(4). What is the tens digit of -3*(-27)/d*8/2?
2
Let p = 23 - 37. Let m = p - -16. Suppose -5*z = -5*c + 40, -2*c - 4*z - m + 30 = 0. What is the tens digit of c?
1
Suppose 3*a - 118 = -16. Let j = 170 - a. What is the tens digit of j?
3
What is the units digit of ((-12375)/18 - -10)*36/(-15)?
6
Let y be (14/(-4)*2)/((-6)/114). Let r = -13 + y. What is the hundreds digit of r?
1
Suppose 3*p - 4*g - 5519 = -0*g, 16 = 4*g. What is the hundreds digit of p?
8
Let o(h) = 2 - 2 + 28*h**2 + 1 + 0*h - 2*h. Suppose -6 - 9 = -5*l, -4*l = -3*x - 9. What is the tens digit of o(x)?
2
Let a be 172/22 + 6/33. Suppose -1000 = -19*z + 14*z. Suppose a*v = z + 312. What is the units digit of v?
4
Let i be ((-63)/9)/((-2)/(-86)). Let u = i - -570. What is the tens digit of u?
6
Let d be -1*0/4*-1. Suppose d = -5*f + 477 + 93. What is the units digit of f?
4
Suppose -80*i = 5*k - 77*i - 2558, 4*k - 2041 = 3*i. What is the hundreds digit of k?
5
Suppose 87 - 15 = -3*q. What is the tens digit of ((-1)/((-3)/2))/(q/(-612))?
1
Let i(h) = -113*h + 154. Let a(l) = -38*l + 51. Let w(f) = -8*a(f) + 3*i(f). What is the hundreds digit of w(-4)?
1
Let h = -10 + 13. Suppose n - 6*u + 5*u + 3 = 0, -9 = 5*n - h*u. Suppose 2*a - a - 34 = n. What is the units digit of a?
4
Suppose 2*r + 169 - 629 = 0. Let s = r + -135. What is the units digit of s?
5
Let m(t) = t**2 + 7*t. Let h be m(-8). Suppose 13*y - 215 = h*y. What is the units digit of y?
3
Suppose -2*c + n - 2*n = -6, 4*c - 10 = -n. What is the units digit of -55*(-3)/6*c?
5
Let t(k) be the third derivative of 3*k**4/8 - 23*k**3/6 + 5*k**2. What is the tens digit of t(10)?
6
Suppose 0 = -2*h - 5*c + 25, -5*h - 2*c + 15 = c. Suppose h = -4*x - 5*u + 22, x - 5*u + 3 = -4. Let v(j) = j**2 + 7*j - 8. What is the tens digit of v(x)?
2
What is the hundreds digit of -6*(-274 - -2)*(-9)/(-12)?
2
Let q be (-2)/(-9) + ((-244)/(-9))/4. Suppose 102 = 5*v - 23. Let g = v - q. What is the units digit of g?
8
What is the tens digit of (-56)/(-140) + 2093/5?
1
Let x = -2900 + 4366. What is the hundreds digit of x?
4
Suppose 4*p + 4*j + 36 = 0, -j = 2*p + 10 + 3. Let q = 114 - p. What is the tens digit of q?
1
Let t = 2 + 22. Let f be (-3)/(-6)*(0 + t). What is the tens digit of 2 + 20/8*f?
3
What is the tens digit of -48 + 42 + 2*690?
7
Let o = -113 - -81. Let f = o + 53. What is the units digit of 111/f + 6/(-21)?
5
Let w(v) = v**3 + 14*v**2 + 41*v - 2. What is the units digit of w(-8)?
4
Let z be (-1)/(2/(-20)) - -3. Let n = z - 11. Suppose 5*k = 3*j - 76, 0 = n*j - 4*j - 2*k + 24. What is the units digit of j?
7
Suppose 64*k = 68*k - 400. What is the units digit of k?
0
Let k(m) be the first derivative of -m**2/2 + 14*m + 61. Let r(t) = -t**2 + 6*t + 6. Let i be r(6). What is the units digit of k(i)?
8
What is the thousands digit of (17 - 22)/(1/(-275))?
1
Suppose -2*a + 1 + 220 = t, 2*t + 2*a = 448. What is the units digit of t?
7
Let o be ((-4)/6)/((-6)/(-9)). What is the units digit of (-10 + 11)*(o - -44)?
3
Suppose -6 = -0*x - 2*x. Let j be (0 + -29)/(x - 2). Let n = -3 - j. What is the tens digit of n?
2
What is the tens digit of (-5)/(3*6/(-774))?
1
Suppose 0 = i - 93 - 11. Suppose -61*l + i = -60*l. What is the tens digit of l?
0
Let c = 3 + 11. Suppose -2*j + 3*u + 13 = 0, 3*j - c = -5*u + 15. Suppose -j - 40 = -4*k. What is the tens digit of k?
1
Let k = 20 + -14. Suppose -k*a = a - 14. What is the tens digit of a - ((2 - 66) + -1)?
6
Let i = 947 - 413. What is the hundreds digit of i?
5
Let k(a) be the third derivative of 7*a**5/30 + a**4/24 + 5*a**3/6 - a**2. What is the units digit of k(-2)?
9
Suppose 3*y = 3*l - y + 27, -2*y = 2*l + 4. Let n(f) = -f**3 - 6*f**2 - 9*f - 7. What is the tens digit of n(l)?
1
Suppose 2*z - 21 = -0*r + 5*r, 5*r + 37 = 4*z. Let i(a) = -a**3 + 8*a**2 + 13*a + 1. What is the units digit of i(z)?
5
Let x = 65 - 35. Suppose 0 = -q + 2*h + x, 5*q + 28 = -4*h + 248. What is the units digit of q?
0
Suppose 0 = -4*w + 5*y + 3612, -2*y - 2*y = -w + 903. What is the tens digit of w?
0
Let r(h) = -5*h**2 + 4*h + 3. Let q be r(-2). Let m be -34 + -5*(-5 + 6). Let f = q - m. What is the units digit of f?
4
What is the tens digit of 2/3 - (1 + (-14959)/21)?
1
Suppose 1 = -5*w + 4*w, 2*k + 4*w = 3264. What is the units digit of k?
4
Let j(g) = 2*g - 8. Let x be j(5). Let z(f) = -6*f + 2 + 1 - 3 - 2 + 3*f**x. What is the units digit of z(5)?
3
Suppose 314 = -5*t + 6234. What is the hundreds digit of t?
1
Let r(k) = k**3 - 5*k**2 + 9*k - 12. Suppose -9*s + 6 = -39. What is the tens digit of r(s)?
3
Let l(m) = m - 5. Let x be l(7). Suppose 2*t - 6 = -x*f, -f + 0*f = -5*t - 9. Suppose 165 = 5*d - 5*g, -d + 3*d - 60 = -f*g. What is the tens digit of d?
3
Let a(h) be the third derivative of -h**6/120 + h**5/5 + h**4/8 - 5*h**3/3 - h**2. Suppose -5 = -i + 7. What is the units digit of a(i)?
6
Let d(h) = h**2 - 9*h + 16. Let c(p) = -5*p + 8. Let y(t) = -5*c(t) + 3*d(t). What is the tens digit of y(-4)?
6
Let p(i) = -5*i. Let t be p(-1). Suppose 0*f = -5*f + t. Suppose 3*y =